)?
2, 67
Let d = -1138 + 1297. What are the prime factors of d?
3, 53
Suppose -36 + 184 = n. Let k = n + 2. List the prime factors of k.
2, 3, 5
Suppose 2*a + i = -2*a - 150, 4*i = -a - 45. Let l = a + 93. List the prime factors of l.
2, 7
Suppose -2*w - 3 = -w, -4*w + 89 = -t. Let n = t - -53. List the prime factors of 3/(-6)*n/2.
2, 3
Suppose 3*l = -514 + 2926. What are the prime factors of l?
2, 3, 67
What are the prime factors of (-28375)/(-15) + ((-3)/(-9) - 2)?
2, 3, 5, 7
Let a(k) = -k**3 - 2*k**2 - k + 7. Let z be a(0). Suppose z*l - 17 = 6*l. List the prime factors of l.
17
Let j be (4 - 18/5) + 182/(-5). Let i = 74 - j. List the prime factors of i.
2, 5, 11
Suppose 37*k + 4784 = 39*k. What are the prime factors of k?
2, 13, 23
Let v(z) = z**2 - 3*z - 15. Let x be v(6). List the prime factors of ((-3)/6)/(x/(-492)).
2, 41
Suppose -4*q + 1295 = -9*q. Let z = 446 + q. List the prime factors of z.
11, 17
Suppose 10058 = -67*d + 69*d. List the prime factors of d.
47, 107
Suppose -7*t - 24 - 4 = 0. Let q be t/16*-4 - -154. Suppose 25 = 3*b - q. List the prime factors of b.
2, 3, 5
Suppose -2*x + 0*x = y - 504, -3*x = 4*y - 2031. List the prime factors of y.
2, 3, 5, 17
Let g(n) = 10*n - 17. Let b(f) = 19*f - 33. Let p(v) = 3*b(v) - 5*g(v). What are the prime factors of p(14)?
2, 3, 7
Let v(x) = 2*x + 4. Let h be v(-2). Suppose a + 1 = g - h*g, -a = -4. Suppose -4*y + g*k = -192, 0 = k + 4*k. What are the prime factors of y?
2, 3
Suppose -16*b + 11997 + 35939 = 0. List the prime factors of b.
2, 7, 107
Let t be -1 - (3/(-3) - 8). Let d = t + -2. What are the prime factors of d/33 - (-84)/22?
2
Let f(y) = -y + 15. Let v = -4 + 17. Let b be f(v). List the prime factors of 13 - (12/(-3) + b).
3, 5
Let u(n) = -n - 8. Let v be u(-5). Let d be 27/(-4)*(7 + v). List the prime factors of ((-18)/d)/(1/54).
2, 3
Let b = 15 - 13. Suppose -3*y - 5 = -b. Let l(u) = -41*u**3 + u**2 - u - 1. What are the prime factors of l(y)?
2, 3, 7
Suppose 13*w - 10*w - 2808 = 0. What are the prime factors of (-3)/(-5) - w/(-65)?
3, 5
Let o = -140 - -445. Let c = -162 + o. List the prime factors of c.
11, 13
What are the prime factors of (-2)/6*(9 - 1170/6)?
2, 31
Let v be (-2)/(-5)*(-41 - -1). Suppose 4*w = -438 + 338. Let q = v - w. What are the prime factors of q?
3
Suppose 2*u - 525 = 675. Suppose 0 = 3*o + o - u. List the prime factors of o.
2, 3, 5
Suppose -26*g = -50*g + 86232. What are the prime factors of g?
3593
Let m be (-24)/10 - (-2)/5 - 30. List the prime factors of 1*((1 - m) + 4).
37
Let m(a) = 7*a**2 - 5*a - 1. Suppose 2 = -5*c + 4*c. List the prime factors of m(c).
37
Suppose -5*a + 3*s + 21 = 0, 0*a - 2*a + 18 = 2*s. Let j = 7 - a. List the prime factors of j/(-2)*2*-19.
19
Let l = 1 + -7. Let u be -1 + 2 + -4 - l. Suppose -33 = -u*w + 3. What are the prime factors of w?
2, 3
Suppose 10 = k + 4*k. Suppose n + 2*n + 4*x = 0, k*x = -n - 2. Suppose 28 = 2*u + n. What are the prime factors of u?
2, 3
Let h(a) = 3*a - 2. Let m be h(4). Let r be (5/15)/((-1)/(-15)). What are the prime factors of 398/r + 4/m?
2, 5
Suppose v + 11677 = 3*y + 3748, v - 7923 = -3*y. What are the prime factors of y?
2, 1321
Let c = 1547 + -232. What are the prime factors of 3/9 - c/(-15)?
2, 11
Suppose -4*f = -2*f + 12. Let m(r) = -6*r**2 + 26 - r**3 - 4*r + 36 - 63. List the prime factors of m(f).
23
Let b = 95 + -59. Let z = b + -6. What are the prime factors of z?
2, 3, 5
Let f = 149 - 146. Suppose -255 - 201 = -f*l. What are the prime factors of l?
2, 19
Let j(k) = 23*k**3 + k**2 + k - 1. Let c be (8 + -3)/(2/2). Suppose 5 = c*d - 0*d. List the prime factors of j(d).
2, 3
Let b = -111 + 72. List the prime factors of ((-169)/b)/(2/42).
7, 13
Let z(r) = 4*r**3 - 3*r**2 + 4*r - 3. Let s = -47 - -50. List the prime factors of z(s).
2, 3, 5
Suppose -5*d + 4 = -3*d. Suppose -2*n - d = -3*n. Suppose n*s + 85 = 4*y + s, 3*s = 5*y - 115. List the prime factors of y.
2, 5
Suppose 5*x + 4*h = 5*h + 5, x - 5*h - 25 = 0. Let v(a) = 11*a**2 + a**2 + x*a - 1 - a - a. List the prime factors of v(2).
43
Suppose 3*r = -3*k + 7323, 0*k = -r + 5*k + 2423. List the prime factors of r.
2, 23, 53
Let i = 159 + -87. Let o(z) = -z**2 - 6*z + 2. Let s be o(-6). Suppose 0 = -s*g - 16 + i. List the prime factors of g.
2, 7
Suppose 3*b + 0 - 3 = 0. Let z = 51 - b. What are the prime factors of z?
2, 5
Suppose 3*a - 19 + 4 = 0. Suppose -m + 3*m = a*r - 635, -4*m = 0. List the prime factors of r.
127
Suppose 2*n - 342 = -4*x, -4*x + 2 - 6 = 0. List the prime factors of n.
173
Suppose 255 = -c - 3*o + 1105, 3*c - 2562 = -5*o. What are the prime factors of c?
859
Let c = 7 - 27. Let v be c/(-40) - 66/4. List the prime factors of (-18)/(-1) + 19 + v.
3, 7
Suppose 3*o + 192 = 9*o. Let z = 75 - o. List the prime factors of z.
43
Let d = 48 + -8. Suppose -5*q + 765 = d. Suppose -5*r + 0 = -q. List the prime factors of r.
29
Suppose -43*a = -13*a - 18420. List the prime factors of a.
2, 307
Let z = -130 + 225. Suppose -176 = -2*k - m - 3*m, -k + 5*m = -z. What are the prime factors of k?
2, 3, 5
Let m be 4/12 - 166/(-6). Suppose m = 4*q + 4*p, 0 = -2*q + 2*p + 2 + 4. Suppose -41 - 94 = -q*b. What are the prime factors of b?
3
Suppose 14*x = 13*x + 41. Let u = 135 - -38. Suppose -u = -4*c - x. What are the prime factors of c?
3, 11
Suppose 0 = -0*c + 5*c + 2*j - 518, -12 = -3*j. Suppose 2*o = -n - n + c, -2*n = -3*o + 168. List the prime factors of o.
2, 3
Let s = -43 - 18. Let j be (-4)/14 - (-1362)/14. Let m = s + j. List the prime factors of m.
2, 3
Suppose -4*l - 51 = -3*z + 24, 4*l - 50 = -2*z. Suppose -4*u - 9 + z = 0. Suppose -a = -4*p - 22, -a - 17 = u*p - 55. What are the prime factors of a?
2, 3, 5
List the prime factors of -1 - (20/(-5) + -982).
5, 197
Let g(r) = -r**2 + 2*r + 10. Let a be g(4). Suppose -11 = -q - 4*k, -q - q = -3*k - 22. Suppose q + 11 = a*i. List the prime factors of i.
11
What are the prime factors of (2554/4)/(5 - 126/28)?
1277
Let i = 8 + -1. Let f(s) = s**3 - 6*s**2 + 8*s + 7. What are the prime factors of f(i)?
2, 7
Let p(w) be the second derivative of 6*w**3 + w**2 + 6*w. Let b be p(4). Suppose 0 = 4*k - 54 - b. What are the prime factors of k?
2, 5
Let j be (0 - (14 + -1))*(-8 + 3). Let m = -40 + j. What are the prime factors of m?
5
Let k(z) = -2*z - 7. Let x be k(-3). Let i be (27 + x)*(-2)/(-4). Let c = 25 - i. What are the prime factors of c?
2, 3
Let u(p) be the third derivative of -p**6/60 - p**5/20 + p**4/12 - 5*p**3/6 + 7*p**2. Let f be u(-3). Let n = 37 - f. What are the prime factors of n?
3, 7
Let x(c) = -7*c - 26. Let j be x(-4). Suppose 0 = -4*b - 5*i + 485, 5*b - j*b + 2*i - 362 = 0. What are the prime factors of b?
2, 3, 5
Suppose -89*d + 93*d - 9012 = 0. What are the prime factors of d?
3, 751
Suppose -5*p + 4*b - 5*b = -2591, 1577 = 3*p - 5*b. Let s = 798 - p. List the prime factors of s.
3, 31
Suppose -13*q + 9332 = 4*l - 14*q, -5*l + 11682 = 3*q. What are the prime factors of l?
2, 3, 389
Suppose -5*b + 10*b - 3045 = 3*d, 5 = -d. What are the prime factors of b?
2, 3, 101
Let f = -477 + 633. List the prime factors of f.
2, 3, 13
Suppose 4*r = -15 - 13. Let a = r - -5. Let v(y) = -5*y**3 + y**2 - 3*y - 4. List the prime factors of v(a).
2, 23
List the prime factors of (159/(-9))/((-22)/4158).
3, 7, 53
Let u(a) = -39*a + 222. List the prime factors of u(-14).
2, 3
Let t be (9005/25 - -3)/((-2)/(-5)). What are the prime factors of t/6 + 12/18?
2, 19
Suppose -4*i = -5*i + 2. Suppose 0 = -v - i + 125. What are the prime factors of v?
3, 41
Suppose -4 + 36 = 16*k. Suppose -4*i - 4 = -28. What are the prime factors of 1/k*288/i?
2, 3
Let w(r) = 43*r**2 + 29*r - 61. List the prime factors of w(5).
19, 61
Let h = -58 - -42. List the prime factors of ((-4)/(h/6))/((-6)/(-124)).
31
Let p(x) = x**3 - 8*x**2 + 10. Let o be p(9). Suppose -69 = -4*w + o. What are the prime factors of w?
2, 5
Let u be ((-6)/2)/3 + 2. Suppose -p + 4 = -u. Suppose r + p*m - 7 = -0*r, -5*r = 2*m - 81. List the prime factors of r.
17
Suppose 0 = 3*v + 3*k, 0 = 5*v + k - 9 - 7. Let y be (6/(-21))/(v/(-28)). Suppose 3*o = -2*a + 33, 2*a - y*o - 35 = -7*o. What are the prime factors of a?
3, 5
Let l(p) = -p**3 - 9*p**2 - 2*p + 3. Let j(r) = 2*r + 5. Let o be j(-7). Let x be l(o). Let g = -15 +